 Suppose 18*a - 3*n = 19*a + 13, -2*a = 3*n + 35. What are the prime factors of m(a)?
7, 23
Suppose -5*q - 12 = -7*q. Suppose -q*n + 828 = 66. List the prime factors of n.
127
Let r = -787 - -12275. List the prime factors of r.
2, 359
Let m be (2 + -1)*(408 + -2)/(-2). Let q be 1/(14/m*(-2)/4). Let c = q - -48. List the prime factors of c.
7, 11
Let c be 33/(-11) - (-5)/(-1)*-1. Let q(a) = -105*a**3 - 2*a**2 - 2. Let w be q(c). List the prime factors of w/(-6) - ((-48)/9 + 5).
2, 71
Suppose 5*a - 15 = 5*l, 0 = a - 2*a + 3*l - 1. Suppose a*f = 3*s - 1466, 2*s - 3*f - 979 = 2*f. List the prime factors of s.
487
List the prime factors of (((44/8)/(-11))/(8/432976))/(-1).
27061
Let v(h) = 3*h**3 + 12*h**2 - 3*h - 10. Let n be v(-4). Suppose -n*j + 763 - 387 = 0. List the prime factors of j.
2, 47
Let k(s) = s**3 + 13*s**2 - 7*s + 9. Suppose -5*u - 3*c + 69 = 0, -5*u - 2*c = -42 - 29. Suppose 4*b + u = -37. List the prime factors of k(b).
2, 5
Let h(s) = 2*s**3 - 5*s**2 + 12*s - 8. Let g be h(4). Let u = g - 89. What are the prime factors of 1825/35 + u/7?
2, 13
Let c = -99 + 99. Let r(j) = 2*j**2 - 4*j + 357. Let b be r(c). Suppose -3*h - 3*f = -b, 0*h - 5*h + 3*f + 619 = 0. List the prime factors of h.
2, 61
Let l(a) = -2503*a + 1187. What are the prime factors of l(-6)?
5, 7, 463
Suppose -221 + 1925 = -3*l. Let w = l - -848. Let y = -162 + w. What are the prime factors of y?
2, 59
What are the prime factors of (-2230)/(-5)*(-14 + 6 + 31)?
2, 23, 223
Let s = 264 - 209. What are the prime factors of 6/33 - (-25565)/s?
3, 5, 31
Suppose 3*n - 56 = i + 96, -3*i = n - 64. Suppose -3*l = l - 392. Let h = l - n. What are the prime factors of h?
2, 23
Let l(o) = -14*o**3 - 13*o**2 - 27*o - 20. List the prime factors of l(-8).
2, 23, 71
Let m(i) = i**2 + 4*i + 5. Let o be m(-16). Let u be o*2*(0 - -1). Suppose r + 813 = 4*p, -r + u = 5*p - 629. What are the prime factors of p?
2, 3, 17
List the prime factors of (82808/(-132))/((-58)/84 - 20/(-30)).
2, 7, 941
Let j = 57277 - 13730. What are the prime factors of j?
7, 6221
Suppose 0 = 2*z - 6*b + 3*b - 668, -2*b = 8. Let g be (-5613)/4*9/81 - 4/48. Let p = g + z. What are the prime factors of p?
2, 43
Let u = 708 - -7799. What are the prime factors of u?
47, 181
Let l = -86 - -9. Let s = 62 + l. List the prime factors of ((-168)/s)/((-6)/10 + 1).
2, 7
Suppose y = -16*y + 85. Suppose -4*z + 5*w - 224 = 0, y*z + 8*w - 3*w + 235 = 0. What are the prime factors of (-34)/z*(-882)/(-4)?
3, 7
Suppose -16*g = -12*g + 12. What are the prime factors of g/(9/6)*(-183 - -8)?
2, 5, 7
Let s(i) = i**3 - 20*i**2 + 35*i + 18. Let u be s(18). Suppose -5*n + 26*r - 29*r + 12 = u, -5*r = 3*n - 4. List the prime factors of n.
3
Let k(u) = -817*u + 10684. What are the prime factors of k(-28)?
2, 5, 839
What are the prime factors of (-6 + 6)/6 + (-1 + 3 - -2976)?
2, 1489
Let c = 143 - -817. Suppose -482 = -14*m + c. Let v = m - -11. What are the prime factors of v?
2, 3, 19
Let b be (-1)/(-1)*26/(-2). Let l(k) = k**2 + k + 1. Let z(d) = d**3 + 20*d**2 + 11*d + 8. Let x(n) = -6*l(n) + z(n). What are the prime factors of x(b)?
2, 53
Let i be 0 + (-18)/(-10) - 4/5. Let x(q) = 138*q + 5. List the prime factors of x(i).
11, 13
Let i = 23 - 19. Suppose 6 + 14 = i*h. Suppose -h*v + 120 = -3*v. List the prime factors of v.
2, 3, 5
Let w(r) = 29*r**2 + r - 2. Let m be w(-4). Suppose -13*d + 11*d - 478 = 0. Let s = d + m. What are the prime factors of s?
3, 73
Let q = 320 + -313. Suppose 9*b - q*b + j - 2293 = 0, 3*b + j = 3442. List the prime factors of b.
3, 383
Let m = -721 + 735. Let b be (-22 - -1)*4/4. List the prime factors of 1*((-3429)/b - 4/m).
163
Let i = -346 - -328. Let z(d) = -15 + 6*d**2 + 28*d - 2*d**2 - 2*d**2 - 10. List the prime factors of z(i).
7, 17
Suppose 3*q = -b + 3500 + 6503, 2*q + 20006 = 2*b. What are the prime factors of b?
7, 1429
Let u(l) = -9*l - 495. Let z be u(-56). Suppose -4*f + 2*n = -594, 450 = 3*f - 3*n - 0*n. Suppose -f = z*o - 1110. List the prime factors of o.
107
Suppose -3*g - 1 = -5*f, -f = -0*g + 5*g - 17. Suppose -5*y + 2992 = g*y. What are the prime factors of y?
2, 11, 17
Let y be (-126)/(-36) - 2/4. Let l be 1*(0 + -8)*8/(-2). Suppose -l + 2 = -y*k. What are the prime factors of k?
2, 5
Suppose 0 = -100*a - 104*a + 1033464. What are the prime factors of a?
2, 17, 149
Suppose -8*f + 93 = 25*f - 2*f. Let m(x) = x**3 + 5*x**2 - 8*x - 9. Let d be m(-6). Suppose d*c = -f*c + 318. What are the prime factors of c?
53
Suppose 3*j - 5*s = j - 1031, -4*j - 2092 = -4*s. Let q = j - -845. List the prime factors of q.
317
Suppose -9*r + 21*r = 24. Suppose r*n = -c + 1169, 7*c = -2*n + 2*c + 1149. What are the prime factors of n?
587
Let s = 129 + -132. Let q be -2 + 21/s - -1. What are the prime factors of (-464)/(-5) - 2 - q/(-10)?
2, 3, 5
Suppose 919*x - 902*x - 479506 - 31888 = 0. What are the prime factors of x?
2, 13, 89
Suppose 15 = -3*u, -5*q - 9*u = -11*u. Suppose 7*r + 3 = 10*r. What are the prime factors of 219 + q + (r + -2)/(-1)?
2, 109
Let a(k) = 275*k - 95. What are the prime factors of a(9)?
2, 5, 7, 17
Let o(j) = 2*j**3 + 21*j**2 - 39*j - 34. Let w be o(-12). Suppose -w*b - 2887 = -4*b - l, l = -3. What are the prime factors of b?
5, 17
Suppose -86*a + 303943 + 212573 = 0. List the prime factors of a.
2, 3, 7, 11, 13
List the prime factors of (-4326178)/(-742) + 4/7.
7, 17
Let s = 305 - 303. Suppose -4*p + 2*i = -82 - 14, -36 = -s*p - 5*i. List the prime factors of p.
23
Let l(s) = 36*s**2 + 5*s + 1. Let g be l(4). Suppose 5*p = -3*r + 1477, 15*r = 2*p + 10*r - g. List the prime factors of p.
2, 37
Suppose 5*z - 5*l - 47 = -l, -4*l - 40 = -4*z. Let r(o) = o**2 - 6*o + 24. Let d be r(z). Suppose -36*k = -d*k - 435. What are the prime factors of k?
3, 29
Suppose 7*d + 357643 = 48*d. Suppose 0 = 19*w - 21643 + d. List the prime factors of w.
2, 5, 17
Let q(i) = 8*i**3 - 2*i**2 - 6*i. Let g(b) = -2 - 15*b**3 + 11*b + 60*b**2 - 57*b**2 + 1. Let t(z) = -3*g(z) - 5*q(z). List the prime factors of t(2).
41
Suppose 5*k + 17 = -4*g, 5 - 2 = -k - g. Let u be (3 + k)*(1 + 1). What are the prime factors of 105 + u - 12/(-6)?
103
Suppose 4 + 10 = 7*o. Suppose 0 = 4*v + g - 3477, 14*g = -o*v + 17*g + 1749. List the prime factors of v.
2, 3, 5, 29
Let x = -5944 + 11975. List the prime factors of x.
37, 163
Let v(j) = -57*j - 11. Suppose -2*s - 45 = -5*s. Suppose 0 = -7*i + 2*i - s. What are the prime factors of v(i)?
2, 5
Suppose 12499 + 5741 = 8*s. List the prime factors of s.
2, 3, 5, 19
Suppose 10*n - 19134 = 100666. List the prime factors of n.
2, 5, 599
Let x(z) = z - 1. Let o(r) = 9*r + 30. Let m(n) = o(n) - 18*x(n). List the prime factors of m(-24).
2, 3, 11
Let y = 177 + -173. Suppose -8*q = -3*q - y*a - 2790, 4*q = -5*a + 2191. List the prime factors of q.
2, 277
Let x(h) = -139*h - 3227. What are the prime factors of x(-61)?
2, 13, 101
Let b(j) be the second derivative of j**6/720 + 19*j**5/15 + 25*j**4/12 - 25*j. Let f(r) be the third derivative of b(r). What are the prime factors of f(0)?
2, 19
Let q = 19541 + -11918. List the prime factors of q.
3, 7, 11
Suppose -4*g = -2*u + 20, -3*g = -2*u - 4*g. Let l(t) = 0*t**3 + 0 - 3*t**u - 1 + 0 + 4*t - 5*t**3. List the prime factors of l(-3).
5, 19
Let v = 25 + 188. Let d = v - 144. Suppose 3*b = -3*o + d, 0*b - 5*b + 145 = -5*o. What are the prime factors of b?
2, 13
Let l(z) = 4*z**3 - 16*z**2 + 165*z + 20. What are the prime factors of l(9)?
5
Suppose 3*f + 1740 = 5*q, -4*f - 960 - 1343 = -q. Let o = f + 1070. List the prime factors of o.
3, 5, 11
Let n(r) = r**3 - 48*r**2 - 98*r - 115. Let b be n(50). What are the prime factors of (-20)/30*b*27?
2, 3, 5
Let d be (-1)/3 + 22/3. Suppose -5*v - 22*v + 5100 = 58*v. Suppose -v = -d*x + 1914. What are the prime factors of x?
2, 3, 47
Let y be 7 + 0 + 4 + (-7 - -5). Suppose 334 = y*z + 892. Let d = z + 156. What are the prime factors of d?
2, 47
Let p = 269 + -334. Let d = 70 + p. What are the prime factors of d?
5
Let h = 331 + -149. Let f be (-20)/(-50) + h/(-5). Let m = f - -226. List the prime factors of m.
2, 5, 19
Let x(b) be the first derivative of -7*b**3/6 - 8*b**2 + 19*b - 10. Let y(v) be the first derivative of x(v). List the prime factors of y(-12).
2, 17
Suppose -5*r + 33002 = -3*s, 